 when 4473467 is divided by 1001.
999
Calculate the remainder when 78640 is divided by 1358.
1234
Calculate the remainder when 21348612 is divided by 105.
12
Calculate the remainder when 905635 is divided by 226122.
1147
What is the remainder when 4170028 is divided by 56349?
202
What is the remainder when 467287 is divided by 927?
79
Calculate the remainder when 5451613 is divided by 275.
13
Calculate the remainder when 70129232 is divided by 21.
5
What is the remainder when 574825 is divided by 6?
1
Calculate the remainder when 447475 is divided by 4865.
4760
Calculate the remainder when 4514419 is divided by 13200.
19
What is the remainder when 10540621 is divided by 2635155?
1
Calculate the remainder when 69309 is divided by 280.
149
Calculate the remainder when 2251291 is divided by 9.
4
What is the remainder when 9780886 is divided by 397?
394
What is the remainder when 625895 is divided by 125177?
10
Calculate the remainder when 12414106 is divided by 1379344.
10
What is the remainder when 195893 is divided by 765?
53
What is the remainder when 208257 is divided by 174?
153
What is the remainder when 1420369 is divided by 16140?
49
What is the remainder when 10834843 is divided by 83991?
4
Calculate the remainder when 150834 is divided by 30080.
434
Calculate the remainder when 10591611 is divided by 661974.
27
Calculate the remainder when 19877998 is divided by 207.
202
What is the remainder when 530757 is divided by 265377?
3
Calculate the remainder when 61438 is divided by 3418.
3332
What is the remainder when 826672 is divided by 21196?
28
Calculate the remainder when 109245 is divided by 27160.
605
What is the remainder when 5334273 is divided by 14?
7
Calculate the remainder when 618232 is divided by 10846.
10
Calculate the remainder when 13928353 is divided by 1562.
1561
Calculate the remainder when 133459093 is divided by 2.
1
What is the remainder when 5367373 is divided by 56?
53
What is the remainder when 13770361 is divided by 435?
1
What is the remainder when 253119 is divided by 28124?
3
Calculate the remainder when 12622307 is divided by 4207355.
242
What is the remainder when 243134 is divided by 262?
260
Calculate the remainder when 821665 is divided by 14164.
153
Calculate the remainder when 28076229 is divided by 1215.
9
What is the remainder when 720812 is divided by 27?
20
Calculate the remainder when 245341 is divided by 81658.
367
Calculate the remainder when 2521153 is divided by 10867.
9
What is the remainder when 11710199 is divided by 87?
86
Calculate the remainder when 371103 is divided by 17.
10
Calculate the remainder when 1227389 is divided by 4529.
30
What is the remainder when 115426675 is divided by 14?
7
Calculate the remainder when 102632 is divided by 1267.
5
Calculate the remainder when 1465435 is divided by 558.
127
Calculate the remainder when 1265153 is divided by 401.
399
Calculate the remainder when 1035926 is divided by 30.
26
Calculate the remainder when 17324681 is divided by 6.
5
What is the remainder when 11251 is divided by 4668?
1915
Calculate the remainder when 143115 is divided by 146.
35
What is the remainder when 26166721 is divided by 45746?
9
Calculate the remainder when 2757596 is divided by 647.
82
Calculate the remainder when 251322 is divided by 48955.
6547
Calculate the remainder when 40038823 is divided by 569.
0
What is the remainder when 122124312 is divided by 30531068?
40
Calculate the remainder when 146735 is divided by 29322.
125
What is the remainder when 725436 is divided by 144642?
2226
Calculate the remainder when 3381312 is divided by 845317.
44
Calculate the remainder when 2423518 is divided by 3037.
3029
Calculate the remainder when 11338095 is divided by 863.
1
Calculate the remainder when 9486 is divided by 2687.
1425
What is the remainder when 3894341 is divided by 259622?
11
Calculate the remainder when 9181 is divided by 4070.
1041
Calculate the remainder when 10445279 is divided by 15406.
11
Calculate the remainder when 1873089 is divided by 1339.
1167
What is the remainder when 157230 is divided by 7460?
570
What is the remainder when 9799663 is divided by 251273?
16
What is the remainder when 3388723 is divided by 3864?
3859
Calculate the remainder when 1289713 is divided by 57.
31
What is the remainder when 2684725 is divided by 335383?
1661
Calculate the remainder when 153260 is divided by 21891.
23
What is the remainder when 145393436 is divided by 33?
23
What is the remainder when 320995 is divided by 3915?
3880
Calculate the remainder when 11277 is divided by 992.
365
Calculate the remainder when 560270 is divided by 799.
171
What is the remainder when 133873 is divided by 1756?
417
Calculate the remainder when 4309790 is divided by 1619.
12
What is the remainder when 485858 is divided by 924?
758
What is the remainder when 118480 is divided by 301?
187
Calculate the remainder when 492703 is divided by 1747.
49
Calculate the remainder when 609029 is divided by 11721.
11258
What is the remainder when 217427 is divided by 24153?
50
What is the remainder when 527635 is divided by 63?
10
What is the remainder when 304984 is divided by 5082?
64
What is the remainder when 4863890 is divided by 17126?
106
Calculate the remainder when 20807326 is divided by 2600915.
6
What is the remainder when 513876 is divided by 170556?
2208
Calculate the remainder when 345587 is divided by 2678.
125
What is the remainder when 53162 is divided by 25852?
1458
What is the remainder when 22386418 is divided by 180?
178
What is the remainder when 45965606 is divided by 62?
46
Calculate the remainder when 154205179 is divided by 5031.
5029
What is the remainder when 4640630 is divided by 213?
212
What is the remainder when 46599 is divided by 1037?
971
Calculate the remainder when 2901156 is divided by 966953.
297
Calculate the remainder when 24583 is divided by 7944.
751
Calculate the remainder when 587832 is divided by 1046.
1026
What is the remainder when 787140 is divided by 349?
145
What is the remainder when 9439615 is divided by 86?
83
Calculate the remainder when 102018458 is divided by 3778461.
11
What is the remainder when 5401043 is divided by 2406?
1979
What is the remainder when 171465382 is divided by 85732686?
10
Calculate the remainder when 62827169 is divided by 74.
59
Calculate the remainder when 299316 is divided by 299234.
82
Calculate the remainder when 5805785 is divided by 3295.
3290
What is the remainder when 1306019 is divided by 14?
1
Calculate the remainder when 218959 is divided by 238.
237
What is the remainder when 10235863 is divided by 56241?
1
What is the remainder when 20530 is divided by 6803?
121
What is the remainder when 32096732 is divided by 4012086?
44
What is the remainder when 21825 is divided by 6413?
2586
Calculate the remainder when 663623 is divided by 15433.
4
Calculate the remainder when 13305 is divided by 3116.
841
Calculate the remainder when 1646807665 is divided by 5596.
5593
What is the remainder when 181024 is divided by 240?
64
What is the remainder when 22145 is divided by 2097?
1175
What is the remainder when 773911 is divided by 62?
27
What is the remainder when 243643 is divided by 5305?
4918
Calculate the remainder when 1780798 is divided by 1765.
1678
What is the remainder when 89385598 is divided by 300?
298
What is the remainder when 473639 is divided by 7?
5
Calculate the remainder when 435926 is divided by 8.
6
What is the remainder when 1334502 is divided by 39?
0
What is the remainder when 2098885 is divided by 62?
61
Calculate the remainder when 978618 is divided by 7652.
6814
What is the remainder when 186683 is divided by 1079?
16
What is the remainder when 1634955 is divided by 233564?
7
Calculate the remainder when 2242707 is divided by 35042.
19
Calculate the remainder when 78160166 is divided by 8.
6
Calculate the remainder when 2517963 is divided by 8310.
33
What is the remainder when 22458 is divided by 6247?
3717
Calculate the remainder when 18504357 is divided by 31.
23
Calculate the remainder when 2411106 is divided by 312.
282
What is the remainder when 4855182 is divided by 3826?
3814
Calculate the remainder when 26741056 is divided by 622.
32
What is the remainder when 137834 is divided by